of f**5/60 - 5*f**4/24 - 8*f**3 - 664*f**2. Give c(-5).
2
Let l be 11 - 8 - (17 + -1). Let c(o) = -o**2 - 13*o + 3. Let v be c(l). Suppose 4*d + v*j - 24 = -j, -2*j = 5*d - 15. Let t(u) = 5*u. What is t(d)?
5
Let u = 175 - 165. Let r = -3 + 8. Suppose r*l - 20 - u = 0. Let h(y) = -y**3 + 7*y**2 - 5*y - 7. Give h(l).
-1
Let m(l) = -23*l + 1 + 14*l + 5*l. Suppose -2*u - 25 = -7*u. Suppose -2*k + 7 = 3*n, -4*n + 5*k = -22 + u. Determine m(n).
-11
Let w(l) = l**2 - l - 5. Let i(f) = -f**3 - 4*f**2 + 5*f + 6. Let r be i(-5). Let s be 4 + 0*(-2)/r. Suppose 0 = 5*a + 2*q, s*a = -0*a + 5*q. Calculate w(a).
-5
Let j = 229 + -231. Let w(f) = 2*f + 4*f - 4*f + f + 3 + 3*f**2. What is w(j)?
9
Let d be 10/15 + 15/(-9). Let b(j) = j**3 + 7*j**2 + j + 9. Let n be b(-7). Let q(o) = -o**2 + n*o**2 + 4*o - 4*o**3 - o**3 - 3*o. Calculate q(d).
5
Let k(r) = r**3 - 6*r**2 - 5*r - 4. Let o(n) = -n**2 - 1 + 0*n**2 + 2*n**3 - 3466*n + 3465*n. Let u(b) = -k(b) + 2*o(b). Calculate u(-2).
-12
Suppose m = -10*m + 77. Let s(t) = -t - 6*t**2 - 3*t**3 - 5*t + 4*t**3. Give s(m).
7
Suppose -8*f + 11 = -19*f. Let u(q) = -31*q - 1. Calculate u(f).
30
Suppose 4*q - s - 43 = -q, 7 = -q - 5*s. Suppose -12*z + q*z = 4. Let d(f) = -7*f**3 + 2*f**2 + 2*f + 1. Calculate d(z).
8
Let x be 0 + -1 + (11 - 7). Let u(r) be the first derivative of 5 + 2/3*r**3 - 1/2*r**2 - x*r. Calculate u(3).
12
Let b(o) = o**2 - 11*o + 12. Let s be b(10). Let j(m) = -2*m - 3*m + 0*m**s + m - m**2 + 3. Suppose 0 = 4*z + 2 - 10. Give j(z).
-9
Let d(c) = c**2 - 6*c + 7. Let o be 27/21 - 6/21. Suppose -m + 5 = o. Suppose -23 = -m*q + 1. What is d(q)?
7
Let i(h) be the first derivative of h**6/360 + h**5/60 - h**4/4 - h**3 + 24. Let p(d) be the third derivative of i(d). Calculate p(-5).
9
Let q(r) = 2*r**2. Suppose -c = -2*v + 23, 4*c - v + 64 = -14. Let b = 17 + c. What is q(b)?
8
Let l(y) = -4*y - 10. Suppose 74*u = 71*u - 15. Give l(u).
10
Suppose -3 = -3*c - 4*n, 3*c - 2*n = 2 + 1. Let g(w) = c - 2 + 2*w + 1 - 2. Suppose 0 = -m + 5*a - 27, -5 = -0*m - 5*m - 3*a. Determine g(m).
-6
Let u(m) = -3*m. Let w be (-2)/(-6)*(-11)/(55/(-60)). Let t be ((-6)/w)/((-2)/(16/3)). Determine u(t).
-12
Suppose -39*a + 190 = -a. Let x(y) be the third derivative of -y**4/8 + 5*y**3/6 - 2*y**2. Determine x(a).
-10
Let x(t) = t**2 + 4*t + 4. Let v be 3*9/(6/2). Let r be 7 - v - (2 - 1). What is x(r)?
1
Let x = 221 - 212. Let o(a) = -a**2 + 9*a + 8. Calculate o(x).
8
Let b(q) = -q**2 - 4*q - 3. Let k be (1/(-2))/(1/4). Let d = 72 + -78. Let s = d - k. Give b(s).
-3
Let r(m) = -5*m - 9 + 10 - 5. Let j = -3 + 3. Let p be j + -1 + 2 - 4. Calculate r(p).
11
Let a(i) = 0*i + 5*i - 18 + i**2 - 3*i + 4 + 6*i. Determine a(-11).
19
Let q(a) = a**2 - 1. Let j be q(-1). Suppose j*p - 3 = 3*p. Let c(n) = 3*n**2 - 2*n - 2. Let t be c(p). Let d(b) = b**3 - 2*b**2 + 3*b - 4. Determine d(t).
14
Let q(i) be the first derivative of i**4/4 + 2*i**3 - 7*i**2/2 + 3*i + 13. Give q(-7).
3
Let h(w) = 13*w - 4. Let f(p) = -10*p + 3. Let n(x) = -6*f(x) - 5*h(x). Give n(-1).
7
Let l(w) = w**3 + 8*w**2 + 7*w - 7. Let s(v) = 0 + 237*v - 1 - 236*v. Let x be s(-6). Give l(x).
-7
Suppose -4*w = 2*h - 38, -2*w = 4*h - 7*h + 17. Let t(g) = -g + 5. Calculate t(h).
-4
Let l(x) = x**3 + 7*x**2 + 7*x - 2. Let w(r) be the second derivative of -r**5/20 - r**4 + 13*r**3/6 - 8*r. Let j be w(-13). Let c = j - 6. Give l(c).
-8
Suppose -25 = -4*p + 71. Suppose -p = -3*i - 0*i + 5*k, -4*i - k + 9 = 0. Let r be -2*((-45)/6)/i. Let t(f) = -f + 2. Calculate t(r).
-3
Suppose -2*x - 10 = -14. Suppose -x*q + 2 = 0, 0 = 2*y - q + 4*q + 9. Let p(d) = -d**3 - 5*d**2 + 8*d + 8. Give p(y).
-4
Let u(t) = -43*t**2 - 1 - 4 - 4*t + 2 + 46*t**2 + t**3. Determine u(-2).
9
Let w(a) = -35 + 69 - 35 + 7*a - 8*a. Give w(-3).
2
Let k(t) = 3*t + 3. Let q(a) = 16*a + 15. Let j(p) = -11*k(p) + 2*q(p). What is j(-8)?
5
Suppose -16 = 5*v - 1. Let y(n) be the third derivative of 0 - 15*n**2 + 1/24*n**4 + 2/3*n**3 + 0*n. Give y(v).
1
Let d(j) = 3*j**2 - 4*j - 3*j + 10*j**2 - 6 - 14*j**2. Suppose 3 = -w - 2. Let v be (w/1)/(2 + -1). Calculate d(v).
4
Let z = -10 - -6. Let j(l) be the third derivative of l**4/24 - 2*l**3/3 - 4*l**2. What is j(z)?
-8
Let i(k) be the second derivative of k**5/20 - k**4/12 + k**3/6 - 11*k**2/2 + 102*k. Calculate i(0).
-11
Let o(k) = -k**2 - 4*k. Suppose 3*f = 7*f + 16. Let g be o(f). Let a(t) = -t**3 - 4. Give a(g).
-4
Suppose 592 = y - 9*y. Let o = y + 78. Let p(l) = 2*l**2 + 8*l + 2. Let g(d) = 5*d**2 + 17*d + 4. Let j(b) = 3*g(b) - 7*p(b). Calculate j(o).
-6
Let n(k) = -12 - 130*k + 52*k + 79*k. Determine n(3).
-9
Let v(l) be the third derivative of -l**7/2520 - l**6/144 + l**5/30 + 3*l**4/8 + 9*l**2. Let p(y) be the second derivative of v(y). What is p(-6)?
-2
Let m(s) = -7 - 23 + 8 + 4*s - s. Give m(9).
5
Let n(d) = d**3 + 7*d**2 + 5*d - 8. Let g = 23 + -18. Suppose -r = 5*j - 6, -2*j - g*r = -3 - 4. Let b be (14*-1)/2 + j. Determine n(b).
-2
Let v be 6/5*(-85)/(-34). Suppose -3*s + v = -6*s. Let y(r) = 2*r - 3. Let u(f) = f - 1. Let w(t) = -6*u(t) + 2*y(t). Determine w(s).
2
Let s(k) = -k**2 + 6*k - 6. Let u be s(4). Let h = 399 - 397. Let j(r) = 2 + r + 0*r**3 + r**3 - 2*r - h*r**u - r. Determine j(-2).
-10
Let k(x) = x**3 - 7*x**2 - 9*x + 11. Let p be k(8). Let i(d) = d - 7. Let c be i(9). Let q(w) = -c*w - w**p - 19*w**2 - 16*w**2 + 32*w**2 + 1. Give q(-3).
7
Let m be 5/2*(4 - 6). Let n(o) = 3 - 1 - 7 + 3 + o. Determine n(m).
-7
Let c be (-4)/(-2)*(-15)/(-10). Let u(h) = -h + c - 2 - h**2 + 6*h + 2. Let t(z) = 2*z - 6. Let g be t(6). What is u(g)?
-3
Let n(r) = r + 1. Let a(j) = -2*j**2 - 16*j - 12. Let b(c) = a(c) + 3*n(c). Let f be b(-6). Let h(w) = -2*w**2 - 2*w + 2. What is h(f)?
-10
Let r(g) = -1 + 1 + 2*g. Let u = 653 - 655. What is r(u)?
-4
Suppose 152 - 184 = 8*m. Let x(c) = -c**2 - 8*c - 21. Determine x(m).
-5
Let h(d) = -d**2 - 8*d - 7. Suppose f = 3*f - 6. Suppose -2*y + t = -f*t - 2, 0 = 2*y - t - 5. Let v = -10 + y. Give h(v).
0
Let k(d) = 2*d - 7. Let p(c) = 3*c - 14. Let t(v) = -5*k(v) + 3*p(v). Let l be t(-9). Let m(z) = 0 + 0*z - z + 2*z + l. Give m(-5).
-3
Let m(l) = 0 + 4*l - 2 + 0*l + 5. Suppose 2*f + 20 + 41 = 5*y, 5*y + 4*f - 73 = 0. Let o = y + -17. Calculate m(o).
-13
Suppose 0 = -27*a + 44*a - 68. Let c(y) = y**3 - 4*y**2 - 2*y + 12. Calculate c(a).
4
Let a(l) = -l**2 + 9*l - 17. Suppose -5*h + 40 = -3*k + 2*k, 3*k + 15 = 0. Let i be a(h). Let x(w) be the third derivative of w**4/12 + 2*w**2. Determine x(i).
-6
Let v(n) be the third derivative of 11*n**8/6720 + n**7/1260 - n**5/120 + 5*n**4/4 + 30*n**2. Let w(g) be the second derivative of v(g). Determine w(-1).
-10
Suppose m + 3*n + 2*n = 21, 5*m + 4*n = 42. Let q(x) = -5 + 6*x - 6 - x**2 + 1 + 11. Determine q(m).
1
Let h(f) = f. Let i be h(4). Suppose -w = i*m - 23, -2 + 13 = -3*w + 4*m. Let u(j) = -2*j**2 - 2 - 5*j + 4 + 3*j**2 + w. What is u(6)?
11
Let u be ((-1 - 3) + (6 - 4))*2. Let h(y) = -6*y - 19. Determine h(u).
5
Let h(l) = -24*l**2 - l - 1. Let x(b) = b**3 - 14*b**2 + b - 28. Let v be x(14). Let n be (-2*1)/(-12 - v). Calculate h(n).
-24
Suppose 9 = -2*x + 15. Let p(i) = 7 + 2 + 7*i**2 - x*i**3 + 8*i**3 - 8*i - 6*i**3. Determine p(6).
-3
Let a(i) = 3*i + 1. Let w(v) = 16*v + 4. Let y(g) = 5*a(g) - w(g). Calculate y(-3).
4
Let t(q) = 14*q**2 + 16*q**3 + 16*q**3 - 1 - 31*q**3. Calculate t(-14).
-1
Let b(z) = 0 - 2 + 7*z - 2*z**2 + 7 - 3 + 2. Give b(5).
-11
Let w(g) = -g**3 + g - 38. Let t(d) = -d**2 - 19*d + 120. Let j be t(5). Determine w(j).
-38
Let p(s) be the second derivative of -s**4/3 + 5*s**3/2 - 2*s**2 - 2*s - 64. What is p(4)?
-8
Let z(u) = 1 + 92*u**2 + 7*u - 180*u**2 + 89*u**2. Let o(h) = 7*h**3 + 1. Let t be o(1). Let w = 3 - t. Calculate z(w).
-9
Let k(x) = -x**2 + 12*x - 8. Let y be k(9). Suppose -40 = -3*r - y. Let p(g) = -g**3 + 6*g**2 + 4*g + 4. Determine p(r).
-17
Let m(z) = z. Let v(b) = -b**2 + 4*b + 3. Let q(r) = 2*m(r) + v(r). Give q(5).
8
Let u(j) = -1433 + 9*j + 1435 + 11*j**3 - 10*j. Give u(1).
12
Let o(n) = 4 + 0 - 4*n - 1. Let x(c) = c**2 + 5*c - 12. Let g be x(-7). Suppose 4*s = w + 12, 3*s - 4*s - g = w. Give o(s).
-5
Let u(n) = 3*n**2 + 27 - 13*n**2 - 6 - 11 - n**3 - n. Calculate u(-10).
20
Let y = -2110 + 2109. Let u(a) = -42*a + 3. Let b(d) be